t r(h) = -1 + 0*h**2 - 11*h + 4 + h**z + 5. Determine r(9).
-10
Let g be -1 - (7 - 4/2). Let t(n) be the third derivative of -n**4/12 - 4*n**3/3 + 4017*n**2. Calculate t(g).
4
Suppose -4*o + 3 + 5 = -3*g, -3*g + 2*o = 10. Let t be 8 + (-14 - -7) - g. Let n(d) = -d**3 + 5*d**2 + 6*d + 4. What is n(t)?
34
Let i be (-2)/16*(-45 + 53). Let r(d) = -36*d**2 + 3*d + 4. What is r(i)?
-35
Let t = -5 + 2. Let x(h) = 2*h - 26. Let i be x(14). Let l(u) = 4 + 103485*u - 103485*u + u**3 + 4*u**i. Calculate l(t).
13
Suppose 2*h - 11 = t, 2*h + 2*t + t = 15. Let r(l) = 34*l - l**2 - l**3 + l**2 - h*l**2 - 26*l. Give r(-7).
-7
Let x(s) = 4*s**2 + 18*s - 55. Let h(v) = -v**2 - 3. Let p(c) = -3*h(c) - x(c). Give p(-22).
-24
Let u = -8423 - -8425. Let q(z) be the first derivative of -2*z - 25 - 1/2*z**u. Calculate q(-6).
4
Let r = 216 - 214. Let h be ((-1)/r)/(9*(-2)/(-288)). Let u(j) = j - 5. Determine u(h).
-13
Let s = -24946 - -24943. Let g(y) = 2*y**2 + 7*y + 7. Calculate g(s).
4
Let o(p) = -1335 - 9*p + 13*p + 1230. Determine o(26).
-1
Suppose -3*q = -5*k + 39, 65*q = -2*k + 63*q + 22. Let c(i) be the third derivative of i**5/60 - 5*i**4/12 + 2*i**3 + 2*i**2. Determine c(k).
3
Let d(u) = 3*u + 2. Let t(l) = -l**3 + 271*l - 247*l + 38 + 0*l**3 - 8*l**2. Let w be t(-10). Determine d(w).
-4
Suppose -137*z + 163*z = -78. Let h(o) = -5*o + 3. Determine h(z).
18
Let g(w) = -w**3 + 11*w**2 + w - 16. Suppose 3*i - 4*v = -5*v + 194, 0 = 3*i + 2*v - 190. Suppose 44 = 10*x - i. What is g(x)?
-5
Let i(x) be the third derivative of x**7/840 - x**6/360 - x**5/30 + x**4/6 - 61*x**3/2 + 291*x**2. Let y(j) be the first derivative of i(j). Determine y(3).
10
Let c(j) = -j**3 - 132*j + 64*j + 73*j + 4*j**2 - 2 - 4*j**3 + 3. Calculate c(-2).
47
Suppose -2*p + 1662 = u, 2*p - 588 = -2*u + 1078. Let y(z) = -11*z**2 + p - 416 - 418 + z - 3*z**3 + 4*z**3. Determine y(11).
6
Let b(f) = f**3 - 11*f**2 - 15*f + 30. Suppose -5*k - 4*c = -56, -5*c = k - 7*c - 14. What is b(k)?
-6
Let h(j) = 947 - 2958 + 879 + 988 - 4*j - 6*j. Calculate h(-15).
6
Let n be (2101/(-66) + 16/48)*4/6. Let a(q) = -q**2 - 21*q - 7. Determine a(n).
-7
Let t = -70 - -67. Let h(c) = 11*c. Let z(p) = -p. Let l(w) = -3*w. Let s(y) = 6*l(y) - 13*z(y). Let b(q) = 6*h(q) + 13*s(q). Calculate b(t).
-3
Let w(i) be the second derivative of -16*i**3 - 3*i + i**2 + 4*i**3 - 9*i + 11*i**3. What is w(-2)?
14
Let n(v) = -v**3 - 23*v. Let m be n(0). Suppose m = 2*s + a - 19, -s - 5*a = -5 - 27. Let o(r) = 6 - 4*r - 5*r + r**2 + r. Calculate o(s).
-1
Suppose 2*o - 6 = o. Suppose o*x = 2*x + 40. Suppose -x = f + 4*f. Let n(j) = 2*j - 2. Determine n(f).
-6
Suppose 44*i - 281 = -8*i - 281. Let u(v) = -v**2 + 3*v - 2. Calculate u(i).
-2
Let c(s) = 54*s**2 + 140*s + 36. Let v(t) = 10*t**2 + 28*t + 6. Let f(a) = 4*c(a) - 21*v(a). Determine f(4).
2
Let b(h) = 2*h + 5. Let p(d) = d**3 + 16*d**2 - 14*d + 2. Let f be p(-16). Let v = f - 232. Give b(v).
-7
Let p(s) = s**3 - 5*s**2 + s - 5. Suppose -3*l - 2*v + 14 = 0, 3*v = -2*l - 2*v + 24. Suppose 0*f - r + 5 = f, 3*f + l*r - 14 = 0. Calculate p(f).
-17
Suppose -6*s + 2*s = -3*l - 26, -26 = 5*l + 2*s. Let y(f) be the second derivative of 0 - 1/20*f**5 + 3*f**2 - 1/2*f**4 + 1/3*f**3 - 2*f. Give y(l).
-6
Let q(c) = 3*c**2 - 7440 - 2*c**2 + 3718 + 3683 + 3*c. What is q(-8)?
1
Let o be ((-124)/(-5))/2 + 40/(-100). Let k(y) = o*y + 8 + 7*y - 18*y. Suppose -4*r = -2*r. Calculate k(r).
8
Let s be (-18)/(-4)*((11 - 12) + -1). Let g(a) = -2*a + 25. Determine g(s).
43
Let v(b) = 184*b**2 - 27*b - 53. Let g(i) = -123*i**2 + 17*i + 33. Let z(t) = -8*g(t) - 5*v(t). Determine z(1).
64
Let f(c) be the first derivative of -4*c**3/3 + 3*c**2/2 - 7*c + 329. Let r(g) = 5*g**2 - 4*g + 8. Let l(x) = 6*f(x) + 5*r(x). Calculate l(-3).
13
Let i(w) = -w. Suppose 3*y - 5*u - 25 = 0, 4*y = -5*u - 35 + 10. Let m(j) = y*j + 0*j + 1 - 17*j - 2. Let k(f) = -5*i(f) - m(f). What is k(-1)?
-21
Let d(c) = -8*c**2 + c**3 + 0*c + 5 + 0*c. Suppose 912 = 1246*a - 1132*a. Give d(a).
5
Let g(q) be the second derivative of -q**7/2520 - q**6/360 + q**5/40 - 169*q**4/12 + 17*q. Let f(i) be the third derivative of g(i). Determine f(-5).
-12
Let l = 6978 + -6976. Let n(c) = 5*c**3 + 5*c**2 - c + 1. Give n(l).
59
Let u(x) = 2*x**2 - 64*x + 119. Let j be u(2). Let q(y) = -31*y**2 - y + 0 + 13*y**2 - 1. What is q(j)?
-18
Let u(h) be the first derivative of h**4/4 + 8*h**3/3 - h - 20. Suppose 116*v - 118*v = 16. What is u(v)?
-1
Let h be 0 - -6 - (-1)/(-1). Let c(p) be the third derivative of -p**6/120 + p**5/15 + p**4/8 + p**3/2 + 196*p**2. Calculate c(h).
-7
Let i(d) = -d**2 + d. Let f be i(2). Let r(h) = 2*h**2 + 8*h + 3. Suppose 27 = -8*j - 21. Let w(x) = -x. Let g(v) = j*w(v) - r(v). Give g(f).
-7
Let t(j) be the third derivative of -j**5/60 + j**4/6 + 7*j**3/6 + 1655*j**2. Give t(7).
-14
Let c(r) = r**2 + 20*r - 1421. Let h be c(29). Let n(k) = 2*k**2 - k - 6. What is n(h)?
-6
Suppose -6*o - 3*n + 27 = -0*o, -o + 3 = 2*n. Let z(a) = -8*a + 37. Determine z(o).
-3
Let p = -17 - -289. Suppose -276*s + p*s = 16. Let x(j) = j**3 + 4*j**2 - 3. Calculate x(s).
-3
Suppose 19*g + 330 = 31*g - 22*g. Let v(h) = h**2 + 37*h + 139. Determine v(g).
7
Let k(l) = -3*l + 29. Let i(c) = -3*c**2 + 3*c + 8. Let f be i(2). Let h be (-1*18)/(f*(-30)/40). Determine k(h).
-7
Let x(h) = -h + 1. Let m(g) = 16*g - 3. Let w(u) = 32*u - 7. Let j(i) = -9*m(i) + 4*w(i). Let t(c) = j(c) - 2*x(c). Calculate t(-3).
39
Let s = 50316 - 50310. Let u(h) = -2*h**2 + 3*h. Let j(n) = 4*n**2 - 7*n - 1. Let o(v) = -4*j(v) - 7*u(v). Calculate o(s).
-26
Let m(y) = -y**2 + 12*y - 31. Suppose 5*t + 3*a - 12 = 3*t, 3*t - 18 = 2*a. Determine m(t).
5
Let q = 3 - 1. Suppose 0 = -3*t + 5*u - 332, -4*t + 3*u - 420 = q*u. Let m = t + 94. Let l(v) = -v**2 - 11*v - 11. Give l(m).
-1
Suppose -2*v = -d, -d - 6 = -2*d - v. Suppose -6 = d*i - 114. Let c be (-6)/i + (-392)/(-63). Let a(b) = b**2 - 3*b - 4. Calculate a(c).
14
Let u(f) = 22*f**2 - 17*f - 17. Let v be u(-1). Let h(q) = -v*q + 66*q - 45*q - 10. What is h(-5)?
-5
Let v(s) = 7*s**2 + 3*s + 17. Let z(y) = -15*y**2 - 5*y - 33. Let r(x) = 11*v(x) + 5*z(x). Determine r(-4).
22
Let f(y) be the second derivative of y**4/6 - y**3/6 - 4*y**2 - 4205*y. Calculate f(0).
-8
Let q(n) = 18*n + 11 + 17 + 3*n**2 - 2 - 12 + 2*n. What is q(-10)?
114
Let s(v) = 15*v + 67. Let o(x) = x**2 + 335*x + 2611. Let l be o(-8). Give s(l).
-8
Let i(c) be the third derivative of -c**6/120 + c**4/24 - 403*c**2 - 2*c. Suppose -2*t = -1 + 5. Determine i(t).
6
Let i(u) = -4*u**2 - 23*u**2 + 20 + u**2 - 23*u + u**2 + u**3 + 5*u**2. What is i(21)?
-22
Let n(d) be the second derivative of 13*d**4/12 - d**3/2 - 5579*d. Determine n(-2).
58
Let t(h) = -8*h - 3. Let a(x) = 4*x**2 + x - 14. Let p be a(-2). Give t(p).
-3
Let z = -1367 + 1363. Suppose 3*y + 17 = -7*x + 2*x, 0 = -2*x - 8. Let u be y + z - 2/(-2). Let b(f) = 3*f**3 + f**2 + 1. Determine b(u).
-19
Let b be (-12 - 833/(-42)) + 3/18. Let z(s) = -2*s**3 + 15*s**2 + 7*s - 4. Calculate z(b).
-12
Let s = 446 - 428. Let w(r) = r**3 - 16*r**2 - 35*r - 12. Determine w(s).
6
Let b(q) = -16*q**2 + 3*q + 3. Let l = -12141 + 12140. Calculate b(l).
-16
Suppose -3*q = -q - 4. Let g(h) = -q*h**2 + 11*h**2 + 637*h - 647*h - h**3 - 9. Determine g(8).
-25
Let d = -133 - -261. Let v(z) = -d*z + 73*z + 65*z + 4 + z**2. What is v(-9)?
-5
Let k(r) = -r**2 + 12*r + 19. Let z be k(13). Let h(c) = 134 - 407 + 138 + 138 + 2*c**2 - c**3 + 3*c**2 + 5*c. Give h(z).
-3
Let t(j) = -2*j**3 - 2*j - 3. Let b be (-9)/(23 + -5)*2. Give t(b).
1
Let c(t) = -t**3 + 8*t**2 - 4. Let m = 1756 - 1748. Determine c(m).
-4
Let y be 2 - 2/1*4. Let i be -103 + 102 + (0 - -1). Let x(b) = 5*b + b + i*b - 7*b + 2. Calculate x(y).
8
Suppose -7 = v - 11. Let l be (v + 0 + 2)/2. Let h(r) = r**3 - 4*r**2 - 2*r + 4. Determine h(l).
-11
Let p(x) = -3 - 1 - 25 - 12*x - 11 - 10. Calculate p(-5).
10
Let d(u) = -3*u**3 - u**2 + 3*u - 1. Let g(j) = 20*j**3 + 49*j**2 + 5*j + 35. Let r(p) = -6*d(p) - g(p). Give r(-21).
13
Let r(d) be the second derivative of -d**5/20 - 7*d**4/12 - 4*d**3/3 + 4*d**2 + 142*d - 1. What is r(-5)?
-2
Let j(a) = 2*a**3 + 266*a**2 + 13*a - 124. Let g(o) = o**3 + 145*o**2 + 7*o - 63. Let q(m) = -11*g(m) + 6*j(m). Determine q(0).
-51
Let v be 